at is 89 - 9?
80
In base 10, what is -211 + 6?
-205
In base 5, what is 4 - -2223?
2232
In base 9, what is -1 - 58?
-60
In base 11, what is 2 - 2a1?
-29a
In base 10, what is -4 + 336?
332
In base 3, what is 0 - -110101?
110101
In base 12, what is -9 - 2b?
-38
In base 16, what is 59c - -4?
5a0
In base 7, what is -35 + 3?
-32
In base 9, what is 66 + 1?
67
In base 16, what is -d8 - -3?
-d5
In base 2, what is -11 - 10101?
-11000
In base 9, what is 6 - -772?
778
In base 15, what is 3 + 45?
48
In base 8, what is -6 + -11?
-17
In base 14, what is 54 + 2?
56
In base 6, what is 134 - 230?
-52
In base 3, what is 10022212 - -10?
10022222
In base 9, what is 151 - -1?
152
In base 6, what is 114000 + -5?
113551
In base 6, what is -43301 - 4?
-43305
In base 6, what is -1 - 4100?
-4101
In base 14, what is 154 + 36?
18a
In base 14, what is -aaa + 1?
-aa9
In base 15, what is -24 + 132?
10d
In base 2, what is -11010 - 11000?
-110010
In base 5, what is -123034 + -4?
-123043
In base 6, what is -5 - -1242?
1233
In base 2, what is -1101110001 + 101?
-1101101100
In base 4, what is -2113 - -23?
-2030
In base 7, what is -2 + -12?
-14
In base 14, what is 2 - 0?
2
In base 5, what is 33 - 1201?
-1113
In base 13, what is -1 + bb1?
bb0
In base 16, what is -1 - 38?
-39
In base 7, what is 146 - -31?
210
In base 13, what is -94 + 5?
-8c
In base 7, what is 253 - 2?
251
In base 12, what is -698 + 14?
-684
In base 3, what is -20 - 111?
-201
In base 5, what is 4020 - 0?
4020
In base 4, what is -2 - 23221?
-23223
In base 4, what is -301 + 10?
-231
In base 11, what is a65 + -1?
a64
In base 10, what is -5 - 59?
-64
In base 15, what is -127 - -6?
-121
In base 10, what is 260 + 22?
282
In base 4, what is 10 + -10320?
-10310
In base 6, what is 313 - -1?
314
In base 13, what is 2 - -1741?
1743
In base 15, what is -547 - -5?
-542
In base 13, what is -20 + 2a?
a
In base 9, what is -1 - 235?
-236
In base 12, what is 34 + 22?
56
In base 12, what is 5 + 47?
50
In base 3, what is 101 + 11?
112
In base 3, what is 21211 + 0?
21211
In base 3, what is 11 - 11122?
-11111
In base 13, what is 34 - -3?
37
In base 15, what is -20 + -19?
-39
In base 15, what is -ee + -2?
-101
In base 8, what is -12 - -231?
217
In base 14, what is -828 + 0?
-828
In base 15, what is -4 - -e75?
e71
In base 11, what is 5 - 31?
-27
In base 11, what is 9a8 + 0?
9a8
In base 12, what is 4 - 458?
-454
In base 4, what is 100123 - 3?
100120
In base 2, what is -11110 - 1101?
-101011
In base 9, what is 211 + 6?
217
In base 2, what is 11000110101101 - 10?
11000110101011
In base 5, what is -2001 - -2?
-1444
In base 15, what is 8c95 - 4?
8c91
In base 9, what is 8 + 418?
427
In base 6, what is 0 + 452?
452
In base 8, what is -21 - 173?
-214
In base 15, what is -c0b - 1?
-c0c
In base 12, what is 9a - 2?
98
In base 7, what is 0 - -143?
143
In base 4, what is 1012 + 11?
1023
In base 3, what is 1001000 + 10?
1001010
In base 2, what is 11100 - 1101?
1111
In base 9, what is -15 - 13?
-28
In base 9, what is 771 + 0?
771
In base 4, what is -20 + -2?
-22
In base 13, what is 97 + 1?
98
In base 10, what is 115 - 1?
114
In base 11, what is -2774 - -4?
-2770
In base 2, what is -10000101010 + 1001?
-10000100001
In base 11, what is 1 - 27?
-26
In base 12, what is 29 + -36?
-9
In base 13, what is -4 + 199?
195
In base 10, what is 12 - 16?
-4
In base 10, what is -4 + 1?
-3
In base 6, what is 154 + -13?
141
In base 5, what is -102 - -4?
-43
In base 15, what is 0 + 1?
1
In base 11, what is -147 - -5?
-142
In base 8, what is 166 - -4?
172
In base 9, what is -200 + 3?
-186
In base 6, what is 1 + 40?
41
In base 7, what is 5 - 12?
-4
In base 11, what is 4 + 127a?
1283
In base 7, what is 4 + 421?
425
In base 9, what is -16 - 134?
-151
In base 15, what is -4 - 26?
-2a
In base 13, what is -305 + -3?
-308
In base 2, what is 100011101100 - 101?
100011100111
In base 6, what is 5 + 413?
422
In base 2, what is -101010 + 10110?
-10100
In base 9, what is 2 + -551?
-548
In base 12, what is -4 - 267?
-26b
In base 10, what is -4 + 1407?
1403
In base 13, what is 0 + 23?
23
In base 2, what is 101101 - 1100?
100001
In base 6, what is -4 + -4310?
-4314
In base 12, what is -9 - -46?
39
In base 3, what is 11020012 - -10?
11020022
In base 7, what is -13 - 3020?
-3033
In base 6, what is 13 + 13020?
13033
In base 13, what is -29 - -5?
-24
In base 15, what is -ea9 - -5?
-ea4
In base 3, what is -10 - -222110?
222100
In base 9, what is -75 + -2?
-77
In base 10, what is -3 + -2751?
-2754
In base 4, what is 10001 + -130?
3211
In base 5, what is -1400 - -1?
-1344
In base 13, what is b + 5?
13
In base 2, what is -101 - 11101?
-100010
In base 13, what is 1333 + -4?
132c
In base 3, what is -12 + 22211?
22122
In base 14, what is -4cc6 + -2?
-4cc8
In base 14, what is 2b8 + -1?
2b7
In base 12, what is 6b - -22?
91
In base 10, what is -1 - -6367?
6366
In base 10, what is -3 - -563?
560
In base 10, what is -2 + 34?
32
In base 8, what is -2 - 14770?
-14772
In base 9, what is 2 - 22?
-20
In base 13, what is 1a - -5?
22
In base 4, what is -223 - 11?
-300
In base 8, what is 11 + -324?
-313
In base 6, what is 2 - 42501?
-42455
In base 15, what is 5 - 45?
-40
In base 15, what is 315e + -2?
315c
In base 2, what is 1000 + -110110?
-101110
In base 15, what is 13d + -5?
138
In base 3, what is -2 - 1212112?
-1212121
In base 16, what is 1bd - -3?
1c0
In base 12, what is -11b75 + 2?
-11b73
In base 10, what is 5 + 178?
183
In base 2, what is -1 + 110100?
110011
In base 9, what is -3362 - -1?
-3361
In base 14, what is -5 - -34?
2d
In base 10, what is -8 + -53?
-61
In base 3, what is 0 + -11202?
-11202
In base 15, what is -7 - -20?
18
In base 10, what is 1 - 455?
-454
In base 4, what is -11 - -3?
-2
In base 7, what is -110 - -43?
-34
In base 2, what is -1000000100 - 101?
-1000001001
In base 3, what is -2 + -20001?
-20010
In base 16, what is 1129 - 5?
1124
In base 2, what is -1000000100 - 101?
-1000001001
In base 6, what is -334 + 21?
-313
In base 16, what is -351 - 0?
-351
In base 4, what is 121 + 0?
121
In base 2, what is 101001 + -1001111111?
-1001010110
In base 16, what is -9 - ad?
-b6
In base 16, what is -d + 12?
5
In base 12, what is -183 + -5?
-188
In base 9, what is 71 + 7?
78
In base 6, what is 2 - -1023?
1025
In base 15, what is 1d90 - -4?
1d94
In base 14, what is -4 - -7c8?
7c4
In base 15, what is 4 - -156?
15a
In base 7, what is 155 - 3?
152
In base 4, what is -2233 + 11?
-2222
In base 6, what is 3 + 142?
145
In base 3, what is -101 - -1211?
1110
In base 3, what is -20 + -10001102?
-10001122
In base 5, what is -1034 + 3?
-1031
In base 4, what is 2 - 101?
-33
In base 15, what is -4 - -10?
b
In base 12, what is 23 - -9?
30
In base 14, what is -1364 + 2?
-1362
In base 12, what is 0 - -1152?
1152
In base 16, what is -d2f - 1?
-d30
In base 4, what is 3 + -12332?
-12323
In base 10, what is 1060 + 1?
1061
In base 14, what is -4 + 492?
48c
In base 3, what is -20122022 - -1?
-20122021
In base 12, what is 5 + -106?
-101
In base 9, what is 74 + 110?
184
In base 12, what is ab - 6?
a5
In base 4, what is 32313 - -1?
32320
In base 14, what is -a2 - 36?
-d8
In base 10, what is 5 + 123?
128
In base 4, what is -1221 - -201?
-1020
In base 2, what is -11100010100 + -1?
-11100010101
In base 13, what is -a8a - 1?
-a8b
In base 6, what is 1344 - 0?
1344
In base 3, what is 1001 + 20?
1021
In base 6, what is -13 - 235?
-252
In base 7, what is 2053 - -1?
2054
In base 12, what is -1 + 334?
333
In base 10, what is 3 + -44?
-41
In base 7, what is 3 + -2016?
-2013
In base 7, what is 6 + -12?
-3
In base 4, what is -133 - 12?
-211
In base 9, what is -2 + -356?
-358
In base 7, what is -11655 - -2?
-11653
In base 10, what is -8131 - -5?
-8126
In base 16, what is -2 + 10b?
109
In base 7, what is 11 + -523?
-512
In base 13, what is -1 + 95?
94
In base 16, what is -1f - -1ee?
1cf
In base 13, what is 0 - -483?
483
In base 14, what is 9c - -1?
9d
In base 2, what is 1111000 + 1111?
10000111
In base 15, what is 119 + 3?
11c
In base 7, what is -10 + -416?
-426
In base 7, what is -4 - -262?
255
In base 16, what is -5 + -208?
-20d
In base 15, what is 31c - -1?
31d
In base 6, what is -554 - -10?
-544
In base 6, what is 2033 + -4?
2025
In base 8, what is -1 + 1224?
1223
In base 9, what is -38 + 4?
-34
In base 14, what is -1 - 32?
-33
In bas